{"id":13,"date":"2019-07-10T12:48:46","date_gmt":"2019-07-10T10:48:46","guid":{"rendered":"http:\/\/ameteix.fr\/?page_id=13"},"modified":"2019-07-17T14:59:33","modified_gmt":"2019-07-17T12:59:33","slug":"contact","status":"publish","type":"page","link":"https:\/\/ameteix.fr\/index.php\/contact\/","title":{"rendered":"Contact"},"content":{"rendered":"\n<p>97, rue Andr\u00e9 le Bourblanc 78590 Noisy le Roi<\/p>\n\n\n\n<p>T\u00e9l\u00e9phone : 01 30 49 04 19 <\/p>\n\n\n\n<p>E-mail : <a href=\"mailto:?to=contact@ameteix.fr\">contact@ameteix.fr<\/a><\/p>\n","protected":false},"excerpt":{"rendered":"<p>97, rue Andr\u00e9 le Bourblanc 78590 Noisy le Roi T\u00e9l\u00e9phone : 01 30 49 04 19 E-mail : contact@ameteix.fr<\/p>\n","protected":false},"author":1,"featured_media":0,"parent":0,"menu_order":0,"comment_status":"closed","ping_status":"closed","template":"","meta":[],"_links":{"self":[{"href":"https:\/\/ameteix.fr\/index.php\/wp-json\/wp\/v2\/pages\/13"}],"collection":[{"href":"https:\/\/ameteix.fr\/index.php\/wp-json\/wp\/v2\/pages"}],"about":[{"href":"https:\/\/ameteix.fr\/index.php\/wp-json\/wp\/v2\/types\/page"}],"author":[{"embeddable":true,"href":"https:\/\/ameteix.fr\/index.php\/wp-json\/wp\/v2\/users\/1"}],"replies":[{"embeddable":true,"href":"https:\/\/ameteix.fr\/index.php\/wp-json\/wp\/v2\/comments?post=13"}],"version-history":[{"count":3,"href":"https:\/\/ameteix.fr\/index.php\/wp-json\/wp\/v2\/pages\/13\/revisions"}],"predecessor-version":[{"id":228,"href":"https:\/\/ameteix.fr\/index.php\/wp-json\/wp\/v2\/pages\/13\/revisions\/228"}],"wp:attachment":[{"href":"https:\/\/ameteix.fr\/index.php\/wp-json\/wp\/v2\/media?parent=13"}],"curies":[{"name":"wp","href":"https:\/\/api.w.org\/{rel}","templated":true}]}}